?
True
Is 1475612911 composite?
False
Is 7848448849 composite?
True
Is 252187951 prime?
True
Is 53895000205 composite?
True
Is 1061598617 a prime number?
True
Is 607143629 composite?
False
Is 157747493 prime?
True
Is 16074862103 composite?
False
Is 9066978199 a prime number?
False
Is 700883171 composite?
True
Is 4396203353 prime?
True
Is 7258956434 prime?
False
Is 201597828883 a composite number?
True
Is 2060717311 composite?
True
Is 2793037649 a prime number?
True
Is 505211809 a composite number?
False
Is 1682535229 a composite number?
False
Is 10060102061 prime?
False
Is 916082197 a composite number?
True
Is 391861931 composite?
True
Is 943492817 a prime number?
True
Is 518698711 composite?
True
Is 30709058563 composite?
False
Is 79781111 a prime number?
False
Is 7222321573 prime?
False
Is 317923757 a composite number?
False
Is 6990154229 a prime number?
False
Is 169384618407 prime?
False
Is 10902226261 a prime number?
False
Is 1007493133 prime?
False
Is 72199190117 composite?
True
Is 8145470197 a prime number?
False
Is 10154332499 a prime number?
True
Is 37539513793 a composite number?
False
Is 43311882169 composite?
False
Is 1924092587 prime?
False
Is 2703411577 a prime number?
True
Is 4774296377 a composite number?
False
Is 165681530017 a prime number?
False
Is 716163337 prime?
True
Is 5895930527 prime?
False
Is 683347029 a composite number?
True
Is 76382939 prime?
True
Is 3211090063 prime?
True
Is 11961762533 composite?
True
Is 923329333 prime?
True
Is 9597266561 a prime number?
True
Is 3698999539 a composite number?
False
Is 4120412999 prime?
False
Is 131740574137 a prime number?
False
Is 206014801 a prime number?
False
Is 20448011087 a prime number?
False
Is 141510299 a prime number?
False
Is 31850561737 a prime number?
True
Is 50892691 prime?
False
Is 46413307 prime?
True
Is 51781850429 a prime number?
False
Is 470928355 prime?
False
Is 117120851989 prime?
False
Is 1401216137 a composite number?
True
Is 452248253 prime?
True
Is 229486089829 a composite number?
False
Is 166907359 a prime number?
False
Is 111949333 prime?
True
Is 11890564997 prime?
False
Is 25813603177 composite?
True
Is 15080698813 a prime number?
False
Is 6372417221 composite?
True
Is 2866928789 a composite number?
True
Is 14317177571 a composite number?
True
Is 5737199947 composite?
False
Is 47853635603 a prime number?
False
Is 278756221 a prime number?
True
Is 2891185043 a prime number?
True
Is 1099820767 a prime number?
False
Is 2724632887 a composite number?
False
Is 6562927957 composite?
False
Is 149932717367 prime?
True
Is 91454783 a prime number?
False
Is 18976457 prime?
True
Is 303183601 composite?
True
Is 85221769 a composite number?
True
Is 3106441319 prime?
True
Is 1781515537 a prime number?
False
Is 1945286927 composite?
True
Is 1887739439 a composite number?
True
Is 6210390421 a composite number?
False
Is 21317647159 composite?
False
Is 275464103 prime?
True
Is 292099556653 a composite number?
False
Is 1721144437 prime?
False
Is 6328824893 a composite number?
True
Is 282337409 composite?
True
Is 2170002631 prime?
True
Is 5338070497 composite?
True
Is 33098485669 a prime number?
False
Is 211525703 a prime number?
False
Is 4575661033 composite?
False
Is 42751699 prime?
True
Is 2383554869 a prime number?
False
Is 154133857511 a composite number?
False
Is 1473778457 a composite number?
False
Is 3713132186 composite?
True
Is 22782506759 a composite number?
True
Is 5508638053 a prime number?
True
Is 364274549 a composite number?
False
Is 62808852343 a prime number?
True
Is 113859008357 prime?
True
Is 15398582 a composite number?
True
Is 188182253 a composite number?
True
Is 14812991695 prime?
False
Is 3919096147 a prime number?
False
Is 23202837517 prime?
False
Is 42065944571 a prime number?
False
Is 6386240747 composite?
False
Is 68635621 prime?
True
Is 56752220269 a prime number?
False
Is 17607638749 a prime number?
True
Is 10957043501 prime?
True
Is 18246284723 a composite number?
True
Is 11238834787 a prime number?
True
Is 642854578 a composite number?
True
Is 52491466147 composite?
False
Is 14811072569 prime?
True
Is 54313325239 prime?
True
Is 27514240178 composite?
True
Is 76371114667 a prime number?
True
Is 3504838369 a prime number?
True
Is 21324201181 a composite number?
True
Is 131308488469 prime?
False
Is 2932866487 a composite number?
True
Is 1300350269 composite?
True
Is 80402129669 a composite number?
False
Is 104852201 a composite number?
False
Is 3746007389 a composite number?
False
Is 2759059393 a composite number?
False
Is 55092061099 prime?
True
Is 14052104585 a composite number?
True
Is 6206751251 prime?
False
Is 353249363 composite?
True
Is 5658874351 prime?
False
Is 19268951531 prime?
True
Is 12760565029 prime?
True
Is 207714799 a composite number?
True
Is 911281647 a prime number?
False
Is 67625572967 prime?
True
Is 535445249 a composite number?
False
Is 2997499763 a prime number?
True
Is 13666227739 composite?
True
Is 286615037 composite?
False
Is 4199374877 a prime number?
True
Is 1042160831 prime?
True
Is 401386619 a composite number?
True
Is 1761734729 a prime number?
False
Is 323048137 prime?
True
Is 144262761785 composite?
True
Is 48075751621 a composite number?
False
Is 313414993 a composite number?
False
Is 71244336353 composite?
False
Is 95391551731 a prime number?
False
Is 5463347206 composite?
True
Is 106338683551 composite?
True
Is 103398203 composite?
False
Is 4163172541 a composite number?
True
Is 1379225863 a prime number?
True
Is 542102723 a prime number?
False
Is 10829991509 a prime number?
False
Is 856152949 a prime number?
True
Is 14317386815 prime?
False
Is 468931321 a prime number?
True
Is 283370149 composite?
False
Is 8413904563 a prime number?
False
Is 17507532293 a composite number?
False
Is 4140420899 a prime number?
True
Is 87476640437 a composite number?
True
Is 701037871 prime?
True
Is 1543779119 a prime number?
True
Is 2670260353 prime?
True
Is 38481613 a composite number?
True
Is 1040591897 composite?
False
Is 2316840023 a prime number?
False
Is 2672033267 composite?
True
Is 14221239163 a composite number?
False
Is 257215523 composite?
True
Is 816252077 a prime number?
False
Is 12691881691 composite?
False
Is 699346891 a prime number?
True
Is 12494178551 a prime number?
True
Is 50203036759 composite?
False
Is 306329857 a prime number?
False
Is 686984801 composite?
False
Is 42236501713 composite?
True
Is 213083293 prime?
False
Is 96239658077 prime?
False
Is 59444245997 a prime number?
True
Is 3757479443 a prime number?
True
Is 46513705853 composite?
True
Is 198930524393 a prime number?
True
Is 3364882669 prime?
False
Is 17505820337 prime?
False
Is 82970017015 composite?
True
Is 735475421 composite?
True
Is 1063669643 composite?
True
Is 288489979 composite?
False
Is 38794506334 a prime number?
False
Is 68529983609 a prime number?
False
Is 83867044831 a composite number?
False
Is 217793053 a composite number?
True
Is 73553397383 a prime number?
False
Is 301593889 a prime number?
False
Is 674391923 prime?
False
Is 4629593659 a composite number?
True
Is 42836246317 prime?
False
Is 406675477 a prime number?
False
Is 2609170331 prime?
True
Is 28272090373 composite?
True
Is 352077263 prime?
True
Is 3724457909 composite?
True
Is 9737574443 composite?
True
Is 679440781 a composite number?
False
Is 2574626135 prime?
False
Is 6032901709 composite?
True
Is 427856131 a composite number?
False
Is 2970295817 a prime number?
False
Is 3585087463 a prime number?
True
Is 88135289027 composite?
False
Is 6120241243 composite?
False
Is 3114775765 a composite number?
True
Is 130827353 composite?
False
Is 1539894053 prime?
False
Is 308466163 prime?
True
Is 5113415609 composite?
False
Is 384383717 a prime number?
False
Is 14604931018 a composite number?
True
Is 2944575133 composite?
False
Is 3282292913 prime?
True
Is 13040751743 composite?
False
Is 146191427 a composite number?
True
Is 116641697 composite?
False
Is 467223389 a prime number?
False
Is 340951803 composite?
True
Is 2335567841 composite?
False
Is 4524038837 a composite number?
False
Is 2426785093 prime?
True
Is 1560977507 prime?
False
Is 522174262 a prime number?
False
Is 200933401 prime?
False
Is 5318434097 prime?
True
Is 178755619 a prime number?
False
Is 3247306721